= 3*x - 5*q - 12, q = -x - 3*q + 21. What are the prime factors of g(x)?
2
List the prime factors of 1324/((-11)/((-297)/18)).
2, 3, 331
Suppose -533 = -j + 5*r + 105, 0 = -7*j + 2*r + 4598. List the prime factors of j.
2, 7, 47
Suppose 3*o - 4691 = 3*u + 913, 0 = -2*u + 5*o - 3739. Let r = u + 3134. List the prime factors of r.
7, 181
Suppose -8*m + 304 + 8 = 0. Suppose 0*r - 5187 = -m*r. List the prime factors of r.
7, 19
Let d(a) = 3226*a + 5496. List the prime factors of d(6).
2, 3, 19, 109
Let a = 2195 + -1112. Suppose 51*w - a = 48*w. List the prime factors of w.
19
Let p(w) = 3. Let y(u) = 6*u + 30. Let k(j) = -3*p(j) + y(j). Let f = 0 + 9. List the prime factors of k(f).
3, 5
Let v = -2821 - -6812. List the prime factors of v.
13, 307
Let a be 1957/6 + 24/(-144). Let m = a - 117. List the prime factors of m.
11, 19
Let k(d) = d**3 + 4*d**2 - 4*d + 7. Let r be k(-5). Suppose -r = v - 9. Let u = v + 25. What are the prime factors of u?
2
Suppose -593*g + 129492 = -560*g. List the prime factors of g.
2, 3, 109
Suppose 54*p - 52*p = -5*n + 29963, 4*n + 20 = 0. List the prime factors of p.
2, 3, 7, 17
Suppose 1771 = -d + 8*d. Let y = 3 + d. List the prime factors of y.
2
List the prime factors of 3070 + (-36)/28 + 12/42.
3, 11, 31
Let a(s) = 57*s**2 - 50*s + 150. What are the prime factors of a(11)?
73, 89
Let r be 6/(-10) - (23922/(-45) + -12). Suppose -w + r - 529 = 0. What are the prime factors of w?
2, 7
Let o = -1241 - -1844. Let n = 1264 - o. What are the prime factors of n?
661
Suppose -32*x + 11432 = 1992. Let h = 449 - x. List the prime factors of h.
2, 7, 11
Suppose -4*g = 2*h - 7448, 7536 = -5*h + 5*g + 26156. Let s = h - 2652. What are the prime factors of s?
2, 67
Let b(q) = 4*q**2 - 9*q - 9. Let x be b(-3). Let w = x - 82. What are the prime factors of (-6)/3*155*w/35?
2, 31
Suppose 23*n = 26*n - 5001. Suppose -1087 = -27*l + n. List the prime factors of l.
2, 3, 17
Let n(g) = -g**2 - 4*g + 15. Let m be n(-6). Let f be 5 - 0/(2 + (m - 3)). Suppose -o - 41 = -f*o + 5*z, -3*z - 61 = -5*o. What are the prime factors of o?
2, 7
Let i be -1 - (-15)/20*-4. Let h(u) = -u + 9. Let m be h(i). Suppose -192 = m*z - 16*z. List the prime factors of z.
2
Let r(v) = 3*v - 31. Let d be r(9). Let m be (1 - 1)*(3 + d). Suppose 57 = u - n, m*n - 196 = -3*u - 2*n. List the prime factors of u.
2, 31
Let c(z) = -z**3 + 42*z**2 - 21*z - 131. List the prime factors of c(19).
3, 2591
Let s be 2/11 + (-1312)/(-44). Suppose 3*i = -4*w + 360, 4*w - i + 180 = 6*w. List the prime factors of 104 + ((-12)/w - 26/s).
103
Let c(f) = -38*f + 13. Let b(v) be the third derivative of -v**5/60 - 2*v**4/3 - 19*v**3/6 + v**2. Let k be b(-15). List the prime factors of c(k).
3, 5, 11
Suppose -5*p - 5*h + 3*h + 173 = 0, 78 = 2*p + 3*h. List the prime factors of (p/4)/((-11)/(-132)*3).
3, 11
Let z(o) = 4*o**3 - 5*o**2 + o + 10133. What are the prime factors of z(0)?
10133
Let i(v) = v**3 - 13*v**2 - 8*v - 111. What are the prime factors of i(18)?
3, 5, 7, 13
Suppose -432 = 4*d - 10*d. Let b = 200 - d. List the prime factors of b.
2
List the prime factors of 5821 - (3 - (-26)/(-13)).
2, 3, 5, 97
Let w be (10/15)/((-5)/3 + 2). Suppose w*l - 25*p = -27*p + 136, 272 = 4*l - 2*p. What are the prime factors of l?
2, 17
Let w = -9454 - -19480. What are the prime factors of w?
2, 3, 557
Suppose -62*z + 67*z - 5 = 0, -5*z = 4*l - 47157. What are the prime factors of l?
2, 7, 421
Let a = 16 + -11. Let u(i) = 3*i + 1 + 19 + 6*i**2 - a - 9. List the prime factors of u(-5).
3, 47
Let j(s) = s**3 - 17*s**2 + 2*s - 22. Let q be j(17). Let b be (q/42 + 286/28)*-14. Let f = b + 254. What are the prime factors of f?
107
Let r = 783 + -781. List the prime factors of -3 + 1432/r + -5 + 4.
2, 89
Suppose -903 = 2*i - 905. What are the prime factors of (2/(-6))/i*18 + 724?
2, 359
Suppose 5*j - 1512 = -1487, 3*j - 2580 = -3*d. List the prime factors of d.
3, 5, 19
Let l = 6109 + -4147. List the prime factors of ((-18)/27)/((-4)/l).
3, 109
Let i(y) = 79*y**2 + 5*y - 4. Let f be ((-8)/(-6) - 1)/((-6)/36). List the prime factors of i(f).
2, 151
Suppose -5*f = -188*c + 190*c - 45083, -5*c - 5*f + 112670 = 0. What are the prime factors of c?
13, 1733
Let k(b) = 3113*b**3 - b**2 - 33*b + 32. List the prime factors of k(1).
3, 17, 61
Let i = -45 - -32. Let h = i + 9. List the prime factors of (-2)/h + 354/12.
2, 3, 5
Suppose 3*r + 126 = -2*l + 29212, 0 = -3*r + 5*l + 29093. List the prime factors of r.
2, 3, 101
Let m = -51 - -32. Let a(f) = f**2 + 18*f + 21. Let x be a(m). Suppose -n - 112 = -6*n - 3*h, 3*n - 5*h - x = 0. What are the prime factors of n?
2, 5
Suppose -75*y + 212759 + 768241 = 0. List the prime factors of y.
2, 3, 5, 109
Suppose -4*h = 0, -10*l + 11*l = 2*h + 1701. List the prime factors of l.
3, 7
Let m(x) = x**3 - 3 - 20*x - 2*x**2 + x**3 - 20*x**2 + 8*x**2. List the prime factors of m(9).
3, 47
Suppose -2*d - 15 = -9. Let p(f) = -2*f**3 - 3*f**2 + 2*f - 5. Let n be p(d). Let z = n + 6. List the prime factors of z.
2, 11
Suppose 2*a + j + 208 + 115 = 0, -4*a = -j + 661. Suppose 3*r - 4*u = 829, 2*r - 267 = r - u. Let q = r + a. List the prime factors of q.
107
Let r(n) = -4*n**3 - 16*n**2 - 56*n - 106. What are the prime factors of r(-10)?
2, 1427
Suppose -8*t + 140 = 2*t. Suppose 5*c - 565 = -70. Suppose s - c = t. What are the prime factors of s?
113
List the prime factors of 4/(5 + (-23907)/4782).
2, 797
Suppose 3*t + 2*x = 10, 13 + 2 = -2*t + 3*x. Suppose -18*i - 990 + 9234 = t. List the prime factors of i.
2, 229
What are the prime factors of 5/1*(-4040)/(-80) + (-2)/(-4)?
11, 23
Suppose 0 = r + b - 1 - 4, 5*r + 2*b = 37. List the prime factors of (-106)/((-20)/150*r/6).
2, 5, 53
Suppose 9*r - 10*r + 355 = 0. Let w = -61 + r. List the prime factors of w.
2, 3, 7
Suppose -3*m + 18 = 0, 4*d = -10*m + 14*m + 37040. What are the prime factors of d?
2, 41, 113
Suppose -440 = 2*y - 5*f, -f = 5*y + 4*f + 1100. Let d = y + -140. What are the prime factors of -3 - (-13)/((-65)/d)?
3, 23
List the prime factors of 15/510*2531521 - (3/6 - 0).
2, 41, 227
Let k(o) = o**3 + 7*o**2 - o + 8. Let n be k(-6). Suppose -6*v + 27 = 3*v. Suppose -4*j = -v*j - n. What are the prime factors of j?
2, 5
Suppose 4*l + 3*a - 196 + 15 = 0, -l = -5*a - 28. Let i = l + -38. Suppose 0 = -4*d + i*d - 75. List the prime factors of d.
3, 5
Let f(z) = z**3 - 82*z**2 - 29*z + 227. What are the prime factors of f(84)?
11903
Let t(q) = 1981*q**2 - 2*q - 2. Let c be t(1). Suppose 0 = -3*z - 10*j + 7*j + c, -2*z - j + 1316 = 0. List the prime factors of z.
3, 73
Suppose -22803 = -4*l - 2*p + 47841, -12*p = -3*l + 53091. What are the prime factors of l?
5, 3533
Let s(j) = -j**3 + 6*j**2 + 9*j - 7. Suppose i + 15 = 22. Let f be s(i). Suppose -64 = -m - 4*y, -f = m - 5*y - 62. What are the prime factors of m?
2, 3, 5
Let u = 168 + -162. Suppose 7*n = -3*z + u*n + 1528, -2*z + 1021 = 3*n. What are the prime factors of z?
509
Suppose 4*y = -24, -3*n + 34*y = 37*y - 52491. What are the prime factors of n?
23, 761
Suppose -18*j = 3*b - 14*j - 14, -2*j + 6 = b. Suppose b*v - 4*n - 252 - 1430 = 0, 2*n + 2539 = 3*v. List the prime factors of v.
3, 283
Let a(s) be the second derivative of -s**3 - 19*s**2 + 45*s. Let z be a(-7). Suppose 5*w = 4*m - 414, -2*m - z*w = -7*m + 513. What are the prime factors of m?
101
Let k = -179 + 184. Suppose k*g = 1306 + 634. List the prime factors of g.
2, 97
Let z(o) = -o**3 + 19*o**2 + 37*o - 23. Let l be z(20). Let u = 953 - l. What are the prime factors of u?
2, 3, 53
Suppose 5*p + 2*l = 6 + 16, -l = p - 2. Suppose -p*i + 768 = 3*x - 7*i, x - 263 = -2*i. What are the prime factors of x?
257
Suppose -19802*g + 19839*g = 2397378. What are the prime factors of g?
2, 3, 10799
Let h = 27 + -24. Suppose x - 68 = -h*s - x, 2*x = s - 36. Let r = s - 24. What are the prime factors of r?
2
Let v(f) = 5*f**2 - 17*f - 905. What are the prime factors of v(77)?
27431
Suppose 2*x = 6*b - b - 29, 0 = -2*b + 6. Let r = -81 - x. List the prime factors of (r - 1)/(15 + -16).
3, 5
Let q = 5433 + -863. List the prime factors of q.
2, 5, 457
Let z be (-1 - 1)*-5*2860/26. Suppose 555 = 2*a + y, 4*a - z = -18*y + 14*y. List the prime factors of a.
2, 5, 7
Suppose 5*m = 35*m - 3270. Suppose 2*h = 4*h + 2. Let w